 2*a - 92. What is f(32)?
-28
Let a(t) = t + 2. Give a(8).
10
Let n(m) = 2*m**3 - 4*m**2 + 3*m - 1. What is n(2)?
5
Let j(i) = 9*i + 6. Calculate j(0).
6
Let j(n) = -37*n**2 - 2*n. What is j(-1)?
-35
Let u(s) = s**3 + 22*s**2 - 47*s - 15. What is u(-24)?
-39
Let i(v) = 4*v + 23. Give i(-7).
-5
Let z(w) = w**2 - 4*w. Calculate z(4).
0
Let k(c) = c**3 - 10*c**2 - 21*c - 40. Give k(12).
-4
Let i(g) = -2*g**2 + 4. Determine i(3).
-14
Let z(f) = f**3 - 4*f**2 + 2*f - 6. What is z(2)?
-10
Let w(v) = v - 5. Calculate w(1).
-4
Let p(h) = h**3 + 9*h**2 - 18*h - 43. Calculate p(-10).
37
Let a(w) = w**2 + 4*w. Calculate a(-4).
0
Let u(d) = -3*d - 16. What is u(-7)?
5
Let y(t) = 3*t**2 + 11*t - 28. Determine y(2).
6
Let b(c) = -6*c - 32. What is b(-6)?
4
Let p(o) = -o**2 + 2*o + 25. Give p(6).
1
Let p(f) = -f**2 + 7*f - 6. Calculate p(9).
-24
Let b(q) = -9*q - 156. Calculate b(-12).
-48
Let n(c) = -c**2 + 10*c - 7. Give n(9).
2
Let r(q) = 6*q - 12. What is r(7)?
30
Let j(v) = -v**2 + 7*v - 9. What is j(6)?
-3
Let n(h) = -4*h**3 + 2*h**2 + h + 1. Determine n(2).
-21
Let a(w) = 5*w**2 + 16*w + 1. Give a(-3).
-2
Let q(y) = y**2 - 9*y + 12. What is q(3)?
-6
Let v(w) = w - 1. Calculate v(-1).
-2
Let c(z) = -z**2 - 80*z - 87. What is c(-79)?
-8
Let q(w) = 3*w - 23. Determine q(6).
-5
Let b(a) = a**3 - 36*a + 6. What is b(-6)?
6
Let x(y) = -2*y**2 - 34*y - 40. What is x(-16)?
-8
Let b(z) = 10*z**3 - 2*z**2 + 3*z - 2. Determine b(1).
9
Let k(j) = -j**2 + 13*j - 12. Determine k(8).
28
Let j(s) = s**2 - 12*s - 9. Give j(13).
4
Let g(h) = 10*h**3 + 2*h + 1. Determine g(2).
85
Let g(f) = -22*f + 70. Calculate g(3).
4
Let y(t) = t**2 - 7*t - 3. Calculate y(8).
5
Let r(s) = s**3 + 9*s**2 - 2*s + 8. Give r(-9).
26
Let n(i) = i**2 - 26*i - 6. Determine n(26).
-6
Let t(v) = -v**2 - 19*v - 9. Give t(-18).
9
Let z(f) = 6*f**2 - 32*f + 1. Determine z(6).
25
Let p(a) = 2*a**2 + 6*a + 7. What is p(5)?
87
Let r(a) = 4*a + 2. Give r(-3).
-10
Let x(j) = 16*j + 3. Calculate x(3).
51
Let p(h) = h**3 + 10*h**2 - 26*h - 15. Give p(-12).
9
Let b(z) = -10*z**2 + 3*z + 2. Determine b(-1).
-11
Let r(u) = -20*u - 214. What is r(-10)?
-14
Let r(o) = o**3 - 9*o**2 + 10. What is r(9)?
10
Let b(a) = -a**3 + a**2 + 6*a - 22. What is b(0)?
-22
Let d(j) = -j**3 + j**2 + 2*j + 6. Give d(3).
-6
Let o(f) = -5*f - 22. Calculate o(0).
-22
Let q(r) = 4*r + 86. What is q(-18)?
14
Let n(b) = b**2 - 2*b - 2. Calculate n(0).
-2
Let w(n) = 4*n - 7. Calculate w(-4).
-23
Let h(m) = -m**2 - 10. Determine h(5).
-35
Let c(d) = -9*d**2 + 2*d - 2. Give c(1).
-9
Let m(p) = -p**3 - 5*p**2 + 19. What is m(-4)?
3
Let j(p) = p**2 + 4*p + 5. Calculate j(-6).
17
Let x(p) = p**2 - 28*p + 30. Calculate x(22).
-102
Let q(w) = w**3 - 9*w**2 + 6*w - 9. Calculate q(8).
-25
Let j(h) = -126*h - 1518. Give j(-12).
-6
Let p(v) = -v**3 + 14*v**2 + 19*v - 48. Calculate p(15).
12
Let f(h) = -2*h**3 + 2*h**2 - 2*h + 4. Calculate f(2).
-8
Let m(y) = 2*y**2 - 20*y - 17. Calculate m(11).
5
Let f(v) = -v**3 - 4*v**2 - 2. Calculate f(-4).
-2
Let h(r) = -5*r**2 - 2*r + 1. Determine h(2).
-23
Let f(p) = p**3 + 6*p**2 + 2*p + 2. Determine f(-6).
-10
Let c(l) = l**2 + 6*l + 2. Determine c(-6).
2
Let g(m) = -3*m**3 - 60*m**2 - 58*m - 6. What is g(-19)?
13
Let k(v) = -8*v + 2. What is k(3)?
-22
Let x(n) = -n**2 + 3*n + 1. Determine x(-5).
-39
Let h(b) = -b**2 + 15*b + 31. Give h(13).
57
Let n(b) = 4*b**2 + b - 1. Calculate n(1).
4
Let f(y) = -86*y + 2. Determine f(-1).
88
Let p(x) = -5*x + 39. Give p(9).
-6
Let y(p) = -4*p + 9. Calculate y(4).
-7
Let x(c) = 12*c**2 + 3*c - 10. What is x(3)?
107
Let h(n) = -n**2 + 12*n - 62. Determine h(17).
-147
Let m(q) = -4*q + 56. Determine m(16).
-8
Let c(p) = 7*p - 5. Determine c(-4).
-33
Let w(m) = 2*m**3 - 5*m**2 + m - 8. What is w(4)?
44
Let k(h) = -6*h - 4. Calculate k(-5).
26
Let t(i) = 2*i**3 - 3*i**2 + 2*i + 2. What is t(2)?
10
Let u(g) = g**2 + 37*g + 19. Determine u(-36).
-17
Let v(h) = 2*h**2 - 48. Give v(5).
2
Let t(c) = -c**3 + 16*c**2 + 2*c - 1. Give t(16).
31
Let q(x) = x + 14. Determine q(-15).
-1
Let d(g) = -10*g - 172. Determine d(-15).
-22
Let f(p) = -p - 15. What is f(-15)?
0
Let w(y) = -y**3 + 2*y**2 + 9*y + 15. What is w(5)?
-15
Let t(w) = 2*w + 25. Calculate t(0).
25
Let b(m) = m**3 + 6*m**2 - 9*m - 13. Give b(-7).
1
Let a(n) = -2*n**3 + 2*n**2 - n + 2. Determine a(2).
-8
Let p(s) = s**2 + 4*s + 5. What is p(-4)?
5
Let i(a) = 7*a + 7. Determine i(6).
49
Let p(c) = -4*c + 13. Calculate p(6).
-11
Let y(s) = -2*s + 11. What is y(9)?
-7
Let d(j) = -5*j - 10. Give d(5).
-35
Let s(i) = 18*i + 99. Calculate s(-5).
9
Let x(c) = -27*c**2 - c + 1. Determine x(1).
-27
Let v(j) = -6*j + 44. Determine v(2).
32
Let d(q) = q**2 + 8*q - 33. Calculate d(-13).
32
Let c(y) = y**3 - 13*y**2 + 19*y - 26. Determine c(12).
58
Let b(j) = j - 2. Determine b(10).
8
Let x(u) = u**3 - u**2 + 2*u + 3. What is x(3)?
27
Let s(q) = 98*q + 1175. Determine s(-12).
-1
Let p(k) = -3*k**2 + 13*k - 13. What is p(6)?
-43
Let z(r) = 7*r - 14. Give z(8).
42
Let f(u) = -u - 21. Determine f(25).
-46
Let s(k) = 12*k + 31. What is s(-2)?
7
Let a(j) = 21*j - 70. Determine a(3).
-7
Let h(i) = -i**3 + 10*i**2 - 11*i + 10. Determine h(9).
-8
Let l(a) = -a**3 + 33*a**2 - a + 40. Give l(33).
7
Let t(w) = -2*w**2 + 69*w + 87. Give t(36).
-21
Let t(n) = -44*n + 1. Determine t(-1).
45
Let u(y) = -21*y**2 + y - 1. Determine u(1).
-21
Let b(x) = -3*x - 6. Calculate b(7).
-27
Let l(p) = p**3 - 6*p**2 + 6*p. Determine l(5).
5
Let n(o) = -o. Give n(11).
-11
Let b(w) = -6*w**2 + 110*w + 62. What is b(19)?
-14
Let a(f) = -4*f - 27. Determine a(-7).
1
Let f(p) = p**3 - 9*p**2 + 10*p + 10. What is f(7)?
-18
Let z(l) = 6*l - 163. What is z(23)?
-25
Let a(p) = p**2 + 8*p + 9. What is a(-5)?
-6
Let k(i) = 7*i**2 - 9*i + 5. Determine k(2).
15
Let v(z) = z**2 + 2*z - 17. Calculate v(3).
-2
Let g(v) = v**3 - 27*v**2 + 27*v - 46. Calculate g(26).
-20
Let l(v) = -2*v - 5. Give l(-6).
7
Let c(t) = 3*t + 5. Determine c(-4).
-7
Let y(z) = -11*z - 61. Determine y(-6).
5
Let i(s) = -4*s + 57. Determine i(16).
-7
Let u(l) = 8*l - 2. Calculate u(6).
46
Let l(v) = 6*v + 142. What is l(-18)?
34
Let q(m) = -m**2 - 5*m + 10. What is q(-9)?
-26
Let d(t) = -2*t**2 + 40*t + 3. Give d(20).
3
Let n(o) = 4*o**2 - 2*o + 1. What is n(1)?
3
Let x(d) = d**2 - 8*d + 1. What is x(6)?
-11
Let z(o) = -43*o + 91. Determine z(4).
-81
Let o(w) = 32*w + 8. Calculate o(-1).
-24
Let p(k) = k**2 + 29*k + 83. What is p(-26)?
5
Let f(i) = 6*i**2 + 5*i - 5. What is f(3)?
64
Let p(l) = -l**3 + 41*l**2 - 2*l + 87. Calculate p(41).
5
Let l(h) = -43*h - 186. What is l(-4)?
-14
Let c(l) = -2*l**3 + 3*l**2 + 8*l + 4. What is c(3)?
1
Let a(c) = c**3 + 11*c**2 - 26*c + 4. Calculate a(-13).
4
Let i(k) = k**3 - 7*k**2 - 12*k + 7. Give i(8).
-25
Let d(m) = 3*m**2 - 62*m + 18. Give d(21).
39
Let i(n) = n**3 + 13*n**2 + 30*n + 2. Calculate i(-10).
2
Let u(c) = c**3 + 6*c**2 - 6*c - 1. Determine u(-7).
-8
Let c(l) = l**2 + 3*l + 2. Calculate c(-4).
6
Let t(m) = 16*m + 135. Calculate t(-12).
-57
Let a(s) = -s**3 - 5*s**2 - 2*s + 6. What is a(-3)?
-6
Let q(h) = -h**3 - 12*h**2 - 6*h - 30. Give q(-12).
42
Let c(i) = -i**3 + 11*i**2 - 16*i - 8. Calculate c(9).
10
Let v(w) = -w**2 - 3*w + 8. Calculate v(2).
-2
Let c(t) = t**3 + 21*t**2 + 2*t + 21. Determine c(-21).
-21
Let l(u) = 48*u + 5. Calculate l(2).
101
Let b(s) = s - 6. Calculate b(-10).
-16
Let m(g) = g**2 + 3*g + 4. Calculate m(-6).
22
Let a(u) = -u**3 + 5*u**2 - u + 1. Calculate a(6).
-41
Let q(s) = s**3 - s**2 - 10*s - 6. Give q(4).
2
Let s(j) = j**3 + 9*j**2 + 4*j - 7. Determine s(-6).
77
Let j(r) = r**3 + r**2 - 2*r + 16. Calculate j(0).
16
Let x(l) = -5*l**3 - 3*l**2 - 2*l + 9. Calculate x(3).
-159
Let m(l) = -2*l**3 - 2*l**2 - 3*l - 2. What is m(-2)?
12
Let n(v) = v**3 + 3*v**2 - 2*v - 12. What is n(-3)?
-6
Let g(w) = -6*w - 366. Give g(-56).
-30
Let q(s) = -2*s**2 - 8*s + 1. Determine q(-6).
-23
Let j(c) = -c**3 + 4*c**2 - 2*c - 2. Calculate j(2).
2
Let u(h) = -h**2 + 17*h + 55. Calculate u(20).
-5
Let z(f) = 2*f**3 + 12*f**2 + 3*f + 7. Determine z(-4).
59
Let w(t) = -t**2 + 3. What is w(-4)?
-13
Let r(p) = p**2 - 6*p - 2. Calculate r(-7).
89
Let i(a) = -a - 18. Determine i(-13).
-5
Let l(f) = -f**2 + 21*f - 109. What is l(13)?
-5
Let n